What is the tens digit of 26359925?
2
What is the hundreds digit of 689030170?
1
What is the hundreds digit of 53068812?
8
What is the units digit of 777859884?
4
What is the billions digit of 5189162161?
5
What is the tens digit of 25894823?
2
What is the ten millions digit of 36890747?
3
What is the tens digit of 347679372?
7
What is the hundreds digit of 390632526?
5
What is the ten thousands digit of 1519885948?
8
What is the hundreds digit of 547204181?
1
What is the hundreds digit of 57858290?
2
What is the hundred thousands digit of 703083435?
0
What is the thousands digit of 47408855?
8
What is the hundreds digit of 1014917420?
4
What is the units digit of 493793490?
0
What is the ten millions digit of 6238915108?
3
What is the millions digit of 123677130?
3
What is the hundreds digit of 9844852?
8
What is the ten millions digit of 885050716?
8
What is the tens digit of 1244703688?
8
What is the hundred thousands digit of 698587328?
5
What is the hundred thousands digit of 6477339?
4
What is the hundred thousands digit of 4452330244?
3
What is the ten millions digit of 806260693?
0
What is the ten millions digit of 568459520?
6
What is the ten thousands digit of 203359324?
5
What is the ten millions digit of 62591300?
6
What is the ten millions digit of 296369944?
9
What is the thousands digit of 51751307?
1
What is the hundred thousands digit of 16207043?
2
What is the thousands digit of 1992934070?
4
What is the tens digit of 652831921?
2
What is the billions digit of 8326031185?
8
What is the units digit of 52969277?
7
What is the hundred thousands digit of 1377360688?
3
What is the hundred millions digit of 3139515947?
1
What is the ten thousands digit of 14696004?
9
What is the hundreds digit of 29377347?
3
What is the millions digit of 1559141906?
9
What is the hundreds digit of 131861063?
0
What is the millions digit of 2105871205?
5
What is the hundred millions digit of 643902625?
6
What is the units digit of 1573656232?
2
What is the hundreds digit of 42728172?
1
What is the units digit of 168488488?
8
What is the hundreds digit of 107673782?
7
What is the ten millions digit of 10800916?
1
What is the hundred thousands digit of 3085332913?
3
What is the millions digit of 2318515429?
8
What is the tens digit of 98756462?
6
What is the ten thousands digit of 62454149?
5
What is the hundred thousands digit of 46144835?
1
What is the tens digit of 155129223?
2
What is the millions digit of 764533944?
4
What is the ten millions digit of 93227424?
9
What is the millions digit of 4693936237?
3
What is the tens digit of 138692570?
7
What is the millions digit of 1448072436?
8
What is the billions digit of 3461358063?
3
What is the ten millions digit of 458519248?
5
What is the hundred millions digit of 4734015689?
7
What is the tens digit of 119579697?
9
What is the hundred millions digit of 1100071344?
1
What is the millions digit of 54809062?
4
What is the ten thousands digit of 5839178917?
7
What is the hundreds digit of 142370142?
1
What is the tens digit of 194712642?
4
What is the ten thousands digit of 876364608?
6
What is the hundred millions digit of 489409962?
4
What is the thousands digit of 79308577?
8
What is the tens digit of 1094642082?
8
What is the ten thousands digit of 2868883828?
8
What is the hundred thousands digit of 222874352?
8
What is the units digit of 34892545?
5
What is the hundreds digit of 951290485?
4
What is the thousands digit of 192979817?
9
What is the tens digit of 4868191980?
8
What is the hundreds digit of 352352526?
5
What is the tens digit of 365533350?
5
What is the thousands digit of 41254228?
4
What is the hundred thousands digit of 10589499?
5
What is the units digit of 2344885402?
2
What is the hundred millions digit of 251060462?
2
What is the ten thousands digit of 126220076?
2
What is the ten millions digit of 179734695?
7
What is the hundred thousands digit of 55505116?
5
What is the hundreds digit of 272957324?
3
What is the hundreds digit of 614115666?
6
What is the hundreds digit of 61421943?
9
What is the ten thousands digit of 2717128195?
2
What is the thousands digit of 4211880242?
0
What is the units digit of 1587471304?
4
What is the hundred millions digit of 2720705769?
7
What is the units digit of 483715271?
1
What is the ten millions digit of 130610085?
3
What is the millions digit of 12311265?
2
What is the ten millions digit of 861626325?
6
What is the tens digit of 1428852201?
0
What is the tens digit of 320838368?
6
What is the thousands digit of 4547684112?
4
What is the units digit of 559490080?
0
What is the units digit of 135104363?
3
What is the hundred millions digit of 408542696?
4
What is the hundreds digit of 9383616?
6
What is the hundred thousands digit of 32972551?
9
What is the tens digit of 101917312?
1
What is the ten thousands digit of 1787241009?
4
What is the thousands digit of 816825002?
5
What is the ten thousands digit of 40685928?
8
What is the ten millions digit of 209326587?
0
What is the hundred thousands digit of 66774843?
7
What is the hundreds digit of 34112523?
5
What is the tens digit of 186163571?
7
What is the hundred thousands digit of 2174524105?
5
What is the units digit of 31959302?
2
What is the ten thousands digit of 174922700?
2
What is the units digit of 564125490?
0
What is the ten thousands digit of 1324299765?
9
What is the thousands digit of 124956266?
6
What is the hundred thousands digit of 9029759?
0
What is the hundreds digit of 540060634?
6
What is the ten millions digit of 216432085?
1
What is the millions digit of 490154817?
0
What is the ten millions digit of 63270770?
6
What is the ten thousands digit of 173015549?
1
What is the ten millions digit of 665848288?
6
What is the ten millions digit of 43798505?
4
What is the millions digit of 467829799?
7
What is the ten thousands digit of 86040094?
4
What is the hundred thousands digit of 991625345?
6
What is the units digit of 1069905705?
5
What is the units digit of 705983785?
5
What is the tens digit of 54869524?
2
What is the hundred millions digit of 5813123665?
8
What is the hundred thousands digit of 35448494?
4
What is the billions digit of 7359536306?
7
What is the millions digit of 119624547?
9
What is the ten millions digit of 1030164500?
3
What is the tens digit of 432847471?
7
What is the ten thousands digit of 127562524?
6
What is the ten millions digit of 54879925?
5
What is the hundreds digit of 3414741312?
3
What is the tens digit of 2049029151?
5
What is the hundred thousands digit of 1275305170?
3
What is the ten thousands digit of 22575718?
7
What is the ten millions digit of 575569035?
7
What is the hundreds digit of 75796359?
3
What is the millions digit of 62808740?
2
What is the tens digit of 43619660?
6
What is the ten millions digit of 5852687990?
5
What is the hundred millions digit of 3613010672?
6
What is the thousands digit of 36805843?
5
What is the ten millions digit of 181784862?
8
What is the tens digit of 1067031842?
4
What is the ten millions digit of 41840114?
4
What is the millions digit of 32874710?
2
What is the tens digit of 4424815387?
8
What is the hundred thousands digit of 3423517110?
5
What is the units digit of 142555160?
0
What is the tens digit of 175595131?
3
What is the units digit of 392961181?
1
What is the hundreds digit of 11342372?
3
What is the tens digit of 242911200?
0
What is the hundred thousands digit of 65125298?
1
What is the ten millions digit of 55225509?
5
What is the hundred millions digit of 408430537?
4
What is the ten millions digit of 302509268?
0
What is the ten millions digit of 11392598?
1
What is the tens digit of 295314502?
0
What is the billions digit of 2511957669?
2
What is the units digit of 6260888847?
7
What is the tens digit of 787614111?
1
What is the tens digit of 1410419171?
7
What is the tens digit of 161345175?
7
What is the thousands digit of 164526031?
6
What is the tens digit of 90719024?
2
What is the thousands digit of 4632761542?
1
What is the ten thousands digit of 289519777?
1
What is the thousands digit of 346710272?
0
What is the hundred millions digit of 394461993?
3
What is the thousands digit of 654176948?
6
What is the thousands digit of 3316738357?
8
What is the ten